{"id":78,"date":"2014-11-11T15:20:13","date_gmt":"2014-11-11T15:20:13","guid":{"rendered":"http:\/\/www.fegon.es\/wordpress\/?page_id=78"},"modified":"2019-05-06T23:06:31","modified_gmt":"2019-05-06T22:06:31","slug":"lavadero-interior-de-cisternas","status":"publish","type":"page","link":"https:\/\/www.fegon.es\/wordpress\/lavadero-interior-de-cisternas\/","title":{"rendered":"Lavadero"},"content":{"rendered":"<p><strong>Transportes FEG\u00d3N<\/strong> dispone de:<\/p>\n<p>Lavadero Exterior de Camiones y Cisternas.<\/p>\n<ul>\n<li>L\u00ednea de Lavado Interior de 5 cabezales para lavado de cisternas y Isotanks de 6 metros ADR-RID (20 pies)<\/li>\n<li>Presi\u00f3n de 90\/100 bar y caudales 3600\/7200 l\/min<\/li>\n<li>Lavado suave para cisternas de poli\u00e9ster<\/li>\n<li>Caldera de 1500 Kw\/h de vapor<\/li>\n<li>Calentamiento de Cisternas y Contenedores (Isotank)<\/li>\n<li>Secado Interior de Cisternas y Contenedores (Isotank)<\/li>\n<\/ul>\n<p style=\"text-align: justify;\">Nuestras aguas residuales se procesan adecuadamente en nuestro sistema de depuraci\u00f3n de aguas residuales seg\u00fan la legislaci\u00f3n vigente cumpliendo rigurosamente con los par\u00e1metros de vertido.<\/p>\n<p style=\"text-align: justify;\">\n<p><img decoding=\"async\" class=\"alignleft size-full wp-image-192\" src=\"http:\/\/www.fegon.es\/wordpress\/wp-content\/uploads\/2014\/11\/20150902_201238.jpg\" alt=\"20150902_201238\" width=\"3264\" height=\"1836\" srcset=\"https:\/\/www.fegon.es\/wordpress\/wp-content\/uploads\/2014\/11\/20150902_201238.jpg 3264w, https:\/\/www.fegon.es\/wordpress\/wp-content\/uploads\/2014\/11\/20150902_201238-300x169.jpg 300w, https:\/\/www.fegon.es\/wordpress\/wp-content\/uploads\/2014\/11\/20150902_201238-768x432.jpg 768w, https:\/\/www.fegon.es\/wordpress\/wp-content\/uploads\/2014\/11\/20150902_201238-1024x576.jpg 1024w, https:\/\/www.fegon.es\/wordpress\/wp-content\/uploads\/2014\/11\/20150902_201238-20x11.jpg 20w\" sizes=\"(max-width: 3264px) 100vw, 3264px\" \/> <img decoding=\"async\" class=\"alignleft size-full wp-image-193\" src=\"http:\/\/www.fegon.es\/wordpress\/wp-content\/uploads\/2014\/11\/lavadero1.jpg\" alt=\"lavadero1\" width=\"3264\" height=\"1836\" srcset=\"https:\/\/www.fegon.es\/wordpress\/wp-content\/uploads\/2014\/11\/lavadero1.jpg 3264w, https:\/\/www.fegon.es\/wordpress\/wp-content\/uploads\/2014\/11\/lavadero1-300x169.jpg 300w, https:\/\/www.fegon.es\/wordpress\/wp-content\/uploads\/2014\/11\/lavadero1-768x432.jpg 768w, https:\/\/www.fegon.es\/wordpress\/wp-content\/uploads\/2014\/11\/lavadero1-1024x576.jpg 1024w, https:\/\/www.fegon.es\/wordpress\/wp-content\/uploads\/2014\/11\/lavadero1-20x11.jpg 20w\" sizes=\"(max-width: 3264px) 100vw, 3264px\" \/> <img decoding=\"async\" class=\"alignleft wp-image-194 size-full\" src=\"http:\/\/www.fegon.es\/wordpress\/wp-content\/uploads\/2014\/11\/lavadero2-e1456837560978.jpg\" alt=\"lavadero2\" width=\"1836\" height=\"3264\" srcset=\"https:\/\/www.fegon.es\/wordpress\/wp-content\/uploads\/2014\/11\/lavadero2-e1456837560978.jpg 1836w, https:\/\/www.fegon.es\/wordpress\/wp-content\/uploads\/2014\/11\/lavadero2-e1456837560978-169x300.jpg 169w, https:\/\/www.fegon.es\/wordpress\/wp-content\/uploads\/2014\/11\/lavadero2-e1456837560978-768x1365.jpg 768w, https:\/\/www.fegon.es\/wordpress\/wp-content\/uploads\/2014\/11\/lavadero2-e1456837560978-576x1024.jpg 576w, https:\/\/www.fegon.es\/wordpress\/wp-content\/uploads\/2014\/11\/lavadero2-e1456837560978-11x20.jpg 11w\" sizes=\"(max-width: 1836px) 100vw, 1836px\" \/> <img decoding=\"async\" class=\"alignleft size-full wp-image-195\" src=\"http:\/\/www.fegon.es\/wordpress\/wp-content\/uploads\/2014\/11\/lavadero4.jpg\" alt=\"lavadero4\" width=\"3264\" height=\"1836\" srcset=\"https:\/\/www.fegon.es\/wordpress\/wp-content\/uploads\/2014\/11\/lavadero4.jpg 3264w, https:\/\/www.fegon.es\/wordpress\/wp-content\/uploads\/2014\/11\/lavadero4-300x169.jpg 300w, https:\/\/www.fegon.es\/wordpress\/wp-content\/uploads\/2014\/11\/lavadero4-768x432.jpg 768w, https:\/\/www.fegon.es\/wordpress\/wp-content\/uploads\/2014\/11\/lavadero4-1024x576.jpg 1024w, https:\/\/www.fegon.es\/wordpress\/wp-content\/uploads\/2014\/11\/lavadero4-20x11.jpg 20w\" sizes=\"(max-width: 3264px) 100vw, 3264px\" \/> <img decoding=\"async\" class=\"alignleft size-full wp-image-172\" src=\"http:\/\/www.fegon.es\/wordpress\/wp-content\/uploads\/2016\/02\/caldera.jpg\" alt=\"caldera\" width=\"1836\" height=\"3264\" srcset=\"https:\/\/www.fegon.es\/wordpress\/wp-content\/uploads\/2016\/02\/caldera.jpg 1836w, https:\/\/www.fegon.es\/wordpress\/wp-content\/uploads\/2016\/02\/caldera-169x300.jpg 169w, https:\/\/www.fegon.es\/wordpress\/wp-content\/uploads\/2016\/02\/caldera-768x1365.jpg 768w, https:\/\/www.fegon.es\/wordpress\/wp-content\/uploads\/2016\/02\/caldera-576x1024.jpg 576w, https:\/\/www.fegon.es\/wordpress\/wp-content\/uploads\/2016\/02\/caldera-11x20.jpg 11w\" sizes=\"(max-width: 1836px) 100vw, 1836px\" \/> <img decoding=\"async\" class=\"alignleft size-full wp-image-75\" src=\"http:\/\/www.fegon.es\/wordpress\/wp-content\/uploads\/2014\/11\/20141108_131823_RichtoneHDR.jpg\" alt=\"20141108_131823_Richtone(HDR)\" width=\"1836\" height=\"3264\" srcset=\"https:\/\/www.fegon.es\/wordpress\/wp-content\/uploads\/2014\/11\/20141108_131823_RichtoneHDR.jpg 1836w, https:\/\/www.fegon.es\/wordpress\/wp-content\/uploads\/2014\/11\/20141108_131823_RichtoneHDR-169x300.jpg 169w, https:\/\/www.fegon.es\/wordpress\/wp-content\/uploads\/2014\/11\/20141108_131823_RichtoneHDR-768x1365.jpg 768w, https:\/\/www.fegon.es\/wordpress\/wp-content\/uploads\/2014\/11\/20141108_131823_RichtoneHDR-576x1024.jpg 576w, https:\/\/www.fegon.es\/wordpress\/wp-content\/uploads\/2014\/11\/20141108_131823_RichtoneHDR-11x20.jpg 11w\" sizes=\"(max-width: 1836px) 100vw, 1836px\" \/><\/p>\n","protected":false},"excerpt":{"rendered":"<p>Transportes FEG\u00d3N dispone de: Lavadero Exterior de Camiones y Cisternas. L\u00ednea de Lavado Interior de 5 cabezales para lavado de cisternas y Isotanks de 6 metros ADR-RID (20 pies) Presi\u00f3n de 90\/100 bar y caudales 3600\/7200 l\/min Lavado suave para cisternas de poli\u00e9ster Caldera de 1500 Kw\/h de vapor Calentamiento de Cisternas y Contenedores (Isotank) &hellip; <a href=\"https:\/\/www.fegon.es\/wordpress\/lavadero-interior-de-cisternas\/\" class=\"more-link\">Sigue leyendo <span class=\"screen-reader-text\">Lavadero<\/span><\/a><\/p>\n","protected":false},"author":1,"featured_media":0,"parent":0,"menu_order":0,"comment_status":"closed","ping_status":"open","template":"","meta":{"footnotes":""},"class_list":["post-78","page","type-page","status-publish","hentry"],"_links":{"self":[{"href":"https:\/\/www.fegon.es\/wordpress\/wp-json\/wp\/v2\/pages\/78","targetHints":{"allow":["GET"]}}],"collection":[{"href":"https:\/\/www.fegon.es\/wordpress\/wp-json\/wp\/v2\/pages"}],"about":[{"href":"https:\/\/www.fegon.es\/wordpress\/wp-json\/wp\/v2\/types\/page"}],"author":[{"embeddable":true,"href":"https:\/\/www.fegon.es\/wordpress\/wp-json\/wp\/v2\/users\/1"}],"replies":[{"embeddable":true,"href":"https:\/\/www.fegon.es\/wordpress\/wp-json\/wp\/v2\/comments?post=78"}],"version-history":[{"count":8,"href":"https:\/\/www.fegon.es\/wordpress\/wp-json\/wp\/v2\/pages\/78\/revisions"}],"predecessor-version":[{"id":288,"href":"https:\/\/www.fegon.es\/wordpress\/wp-json\/wp\/v2\/pages\/78\/revisions\/288"}],"wp:attachment":[{"href":"https:\/\/www.fegon.es\/wordpress\/wp-json\/wp\/v2\/media?parent=78"}],"curies":[{"name":"wp","href":"https:\/\/api.w.org\/{rel}","templated":true}]}}

<p><strong>Transportes FEGÓN</strong> dispone de:</p>
<p>Lavadero Exterior de Camiones y Cisternas.</p>
<ul>
<li>Línea de Lavado Interior de 5 cabezales para lavado de cisternas y Isotanks de 6 metros ADR-RID (20 pies)</li>
<li>Presión de 90/100 bar y caudales 3600/7200 l/min</li>
<li>Lavado suave para cisternas de poliéster</li>
<li>Caldera de 1500 Kw/h de vapor</li>
<li>Calentamiento de Cisternas y Contenedores (Isotank)</li>
<li>Secado Interior de Cisternas y Contenedores (Isotank)</li>
</ul>
<p style="text-align: justify;">Nuestras aguas residuales se procesan adecuadamente en nuestro sistema de depuración de aguas residuales según la legislación vigente cumpliendo rigurosamente con los parámetros de vertido.</p>
<p style="text-align: justify;">
<p><img decoding="async" class="alignleft size-full wp-image-192" src="http://www.fegon.es/wordpress/wp-content/uploads/2014/11/20150902_201238.jpg" alt="20150902_201238" width="3264" height="1836" srcset="https://www.fegon.es/wordpress/wp-content/uploads/2014/11/20150902_201238.jpg 3264w, https://www.fegon.es/wordpress/wp-content/uploads/2014/11/20150902_201238-300x169.jpg 300w, https://www.fegon.es/wordpress/wp-content/uploads/2014/11/20150902_201238-768x432.jpg 768w, https://www.fegon.es/wordpress/wp-content/uploads/2014/11/20150902_201238-1024x576.jpg 1024w, https://www.fegon.es/wordpress/wp-content/uploads/2014/11/20150902_201238-20x11.jpg 20w" sizes="(max-width: 3264px) 100vw, 3264px" /> <img decoding="async" class="alignleft size-full wp-image-193" src="http://www.fegon.es/wordpress/wp-content/uploads/2014/11/lavadero1.jpg" alt="lavadero1" width="3264" height="1836" srcset="https://www.fegon.es/wordpress/wp-content/uploads/2014/11/lavadero1.jpg 3264w, https://www.fegon.es/wordpress/wp-content/uploads/2014/11/lavadero1-300x169.jpg 300w, https://www.fegon.es/wordpress/wp-content/uploads/2014/11/lavadero1-768x432.jpg 768w, https://www.fegon.es/wordpress/wp-content/uploads/2014/11/lavadero1-1024x576.jpg 1024w, https://www.fegon.es/wordpress/wp-content/uploads/2014/11/lavadero1-20x11.jpg 20w" sizes="(max-width: 3264px) 100vw, 3264px" /> <img decoding="async" class="alignleft wp-image-194 size-full" src="http://www.fegon.es/wordpress/wp-content/uploads/2014/11/lavadero2-e1456837560978.jpg" alt="lavadero2" width="1836" height="3264" srcset="https://www.fegon.es/wordpress/wp-content/uploads/2014/11/lavadero2-e1456837560978.jpg 1836w, https://www.fegon.es/wordpress/wp-content/uploads/2014/11/lavadero2-e1456837560978-169x300.jpg 169w, https://www.fegon.es/wordpress/wp-content/uploads/2014/11/lavadero2-e1456837560978-768x1365.jpg 768w, https://www.fegon.es/wordpress/wp-content/uploads/2014/11/lavadero2-e1456837560978-576x1024.jpg 576w, https://www.fegon.es/wordpress/wp-content/uploads/2014/11/lavadero2-e1456837560978-11x20.jpg 11w" sizes="(max-width: 1836px) 100vw, 1836px" /> <img decoding="async" class="alignleft size-full wp-image-195" src="http://www.fegon.es/wordpress/wp-content/uploads/2014/11/lavadero4.jpg" alt="lavadero4" width="3264" height="1836" srcset="https://www.fegon.es/wordpress/wp-content/uploads/2014/11/lavadero4.jpg 3264w, https://www.fegon.es/wordpress/wp-content/uploads/2014/11/lavadero4-300x169.jpg 300w, https://www.fegon.es/wordpress/wp-content/uploads/2014/11/lavadero4-768x432.jpg 768w, https://www.fegon.es/wordpress/wp-content/uploads/2014/11/lavadero4-1024x576.jpg 1024w, https://www.fegon.es/wordpress/wp-content/uploads/2014/11/lavadero4-20x11.jpg 20w" sizes="(max-width: 3264px) 100vw, 3264px" /> <img decoding="async" class="alignleft size-full wp-image-172" src="http://www.fegon.es/wordpress/wp-content/uploads/2016/02/caldera.jpg" alt="caldera" width="1836" height="3264" srcset="https://www.fegon.es/wordpress/wp-content/uploads/2016/02/caldera.jpg 1836w, https://www.fegon.es/wordpress/wp-content/uploads/2016/02/caldera-169x300.jpg 169w, https://www.fegon.es/wordpress/wp-content/uploads/2016/02/caldera-768x1365.jpg 768w, https://www.fegon.es/wordpress/wp-content/uploads/2016/02/caldera-576x1024.jpg 576w, https://www.fegon.es/wordpress/wp-content/uploads/2016/02/caldera-11x20.jpg 11w" sizes="(max-width: 1836px) 100vw, 1836px" /> <img decoding="async" class="alignleft size-full wp-image-75" src="http://www.fegon.es/wordpress/wp-content/uploads/2014/11/20141108_131823_RichtoneHDR.jpg" alt="20141108_131823_Richtone(HDR)" width="1836" height="3264" srcset="https://www.fegon.es/wordpress/wp-content/uploads/2014/11/20141108_131823_RichtoneHDR.jpg 1836w, https://www.fegon.es/wordpress/wp-content/uploads/2014/11/20141108_131823_RichtoneHDR-169x300.jpg 169w, https://www.fegon.es/wordpress/wp-content/uploads/2014/11/20141108_131823_RichtoneHDR-768x1365.jpg 768w, https://www.fegon.es/wordpress/wp-content/uploads/2014/11/20141108_131823_RichtoneHDR-576x1024.jpg 576w, https://www.fegon.es/wordpress/wp-content/uploads/2014/11/20141108_131823_RichtoneHDR-11x20.jpg 11w" sizes="(max-width: 1836px) 100vw, 1836px" /></p>

<p>Transportes FEGÓN dispone de: Lavadero Exterior de Camiones y Cisternas. Línea de Lavado Interior de 5 cabezales para lavado de cisternas y Isotanks de 6 metros ADR-RID (20 pies) Presión de 90/100 bar y caudales 3600/7200 l/min Lavado suave para cisternas de poliéster Caldera de 1500 Kw/h de vapor Calentamiento de Cisternas y Contenedores (Isotank) &hellip; <a href="https://www.fegon.es/wordpress/lavadero-interior-de-cisternas/" class="more-link">Sigue leyendo <span class="screen-reader-text">Lavadero</span></a></p>
